{"id":3287,"date":"2020-08-29T15:52:11","date_gmt":"2020-08-29T13:52:11","guid":{"rendered":"https:\/\/www.quilex-lighting.com\/shop\/?post_type=product&#038;p=3287"},"modified":"2024-04-29T18:55:26","modified_gmt":"2024-04-29T16:55:26","slug":"applique-murale-led-evo-down-dark-in-lite","status":"publish","type":"product","link":"https:\/\/www.quilex-lighting.com\/shop\/produit\/applique-murale-led-evo-down-dark-in-lite\/","title":{"rendered":"Applique Murale EVO DOWN DARK in-lite 12V\/2W"},"content":{"rendered":"<h3>Description du produit<\/h3>\n<h5>Applique led \u00e9l\u00e9gante et discr\u00e8te<\/h5>\n<p>L\u2019\u00e9l\u00e9gante applique murale EVO DOWN DARK est parfaite pour l\u2019\u00e9clairage d\u2019ambiance de cloisons, palissades et murs. Dans la journ\u00e9e, il s\u2019agit d\u2019un objet de style ; aux heures nocturnes, elle procure un bel effet de lumi\u00e8re sans vous aveugler. L\u2019applique murale EVO DOWN DARK compl\u00e8te avantageusement votre plan d\u2019\u00e9clairage EVO. Cette applique LED \u00ab downlighter \u00bb \u00e9claire vers le bas (comme le nom anglais l\u2019indique), ce qui cr\u00e9e une image de lumi\u00e8re chaleureuse sur votre mur ou palissade.<\/p>\n<h3>Caract\u00e9ristique du produit<\/h3>\n<p><img loading=\"lazy\" decoding=\"async\" class=\"wp-image-3210 aligncenter\" src=\"https:\/\/www.quilex-lighting.com\/shop\/wp-content\/uploads\/2020\/09\/Caract\u00e9ristiques-Evo-Down.jpg\" alt=\"\" width=\"719\" height=\"393\" \/><\/p>\n<p>&nbsp;<\/p>\n<p style=\"text-align: center;\"><a class=\"savoirplus\" href=\"https:\/\/www.quilex-lighting.com\/shop\/wp-content\/uploads\/2020\/09\/Fiche-produit-Evo-Down-Dark.pdf\" target=\"_blank\" rel=\"noopener noreferrer\"><strong>T\u00e9l\u00e9charger la fiche compl\u00e8te<\/strong><\/a><\/p>\n","protected":false},"excerpt":{"rendered":"<p>L\u2019\u00e9l\u00e9gante applique murale Led EVO DOWN DARK est id\u00e9ale pour l\u2019\u00e9clairage d\u2019ambiance de cloison bois, palissades et murs.<!--more--><\/p>\n","protected":false},"featured_media":3543,"template":"","meta":[],"class_list":{"0":"post-3287","1":"product","2":"type-product","3":"status-publish","4":"has-post-thumbnail","6":"product_cat-appliques","8":"first","9":"instock","10":"taxable","11":"shipping-taxable","12":"purchasable","13":"product-type-simple"},"_links":{"self":[{"href":"https:\/\/www.quilex-lighting.com\/shop\/wp-json\/wp\/v2\/product\/3287","targetHints":{"allow":["GET"]}}],"collection":[{"href":"https:\/\/www.quilex-lighting.com\/shop\/wp-json\/wp\/v2\/product"}],"about":[{"href":"https:\/\/www.quilex-lighting.com\/shop\/wp-json\/wp\/v2\/types\/product"}],"wp:featuredmedia":[{"embeddable":true,"href":"https:\/\/www.quilex-lighting.com\/shop\/wp-json\/wp\/v2\/media\/3543"}],"wp:attachment":[{"href":"https:\/\/www.quilex-lighting.com\/shop\/wp-json\/wp\/v2\/media?parent=3287"}],"curies":[{"name":"wp","href":"https:\/\/api.w.org\/{rel}","templated":true}]}}