{"id":3299,"date":"2020-08-29T16:29:58","date_gmt":"2020-08-29T14:29:58","guid":{"rendered":"https:\/\/www.quilex-lighting.com\/shop\/?post_type=product&#038;p=3299"},"modified":"2024-04-29T18:55:00","modified_gmt":"2024-04-29T16:55:00","slug":"applique-murale-led-halo-up-down-dark-100-230v-in-lite","status":"publish","type":"product","link":"https:\/\/www.quilex-lighting.com\/shop\/produit\/applique-murale-led-halo-up-down-dark-100-230v-in-lite\/","title":{"rendered":"Applique Murale HALO UP-DOWN DARK in-lite 230V\/8.50W"},"content":{"rendered":"<h3>Description du produit<\/h3>\n<h5>Applique chic LED en 230v double \u00e9clairage haut et bas<\/h5>\n<p>L\u2019applique murale HALO UP-DOWN DARK 100-230V est un luminaire chic de forme cylindrique. Son faisceau lumineux dessin\u00e9 sur le mur est net et en contraste avec l\u2019\u00e9clairage diffus vers le haut et le bas qui donne une ambiance cosy. Ce luminaire est con\u00e7u pour \u00eatre raccord\u00e9 uniquement sur le secteur 230v et peut donc s\u2019installer par exemple sur le mur d\u2019une maison, d\u2019un garage.<br \/>\nLe HALO UP-DOWN DARK 100-230V est con\u00e7u techniquement de mani\u00e8re \u00e0 permettre son raccordement \u00e0 un variateur. De nombreux accessoires sont disponibles pour modifier l\u2019angle du faisceau lumineux. Cette applique fait partie de la s\u00e9rie HALO et est aussi disponible en version 230 V \u00e9clairant uniquement vers le bas et en version 12 volts.<\/p>\n<h3>Caract\u00e9ristique du produit<\/h3>\n<p><img loading=\"lazy\" decoding=\"async\" class=\"wp-image-3210 aligncenter\" src=\"https:\/\/www.quilex-lighting.com\/shop\/wp-content\/uploads\/2020\/08\/mod\u00e8le-caract\u00e9ristique-fiche-Halo-Down-Up-and-Down.jpg\" alt=\"\" width=\"719\" height=\"393\" \/><\/p>\n<p>&nbsp;<\/p>\n<p style=\"text-align: center;\"><a class=\"savoirplus\" href=\"https:\/\/www.quilex-lighting.com\/shop\/wp-content\/uploads\/2020\/08\/Halo-Up-Down-Dark-100-230v.pdf\" target=\"_blank\" rel=\"noopener noreferrer\"><strong>T\u00e9l\u00e9charger la fiche compl\u00e8te<\/strong><\/a><\/p>\n","protected":false},"excerpt":{"rendered":"<p>Applique murale LED en 230v chic et robuste avec \u00e9clairage haut et bas<!--more--><\/p>\n","protected":false},"featured_media":3577,"template":"","meta":[],"class_list":{"0":"post-3299","1":"product","2":"type-product","3":"status-publish","4":"has-post-thumbnail","6":"product_cat-luminaires-exterieurs-230v","7":"product_cat-appliques","9":"first","10":"instock","11":"taxable","12":"shipping-taxable","13":"purchasable","14":"product-type-simple"},"_links":{"self":[{"href":"https:\/\/www.quilex-lighting.com\/shop\/wp-json\/wp\/v2\/product\/3299","targetHints":{"allow":["GET"]}}],"collection":[{"href":"https:\/\/www.quilex-lighting.com\/shop\/wp-json\/wp\/v2\/product"}],"about":[{"href":"https:\/\/www.quilex-lighting.com\/shop\/wp-json\/wp\/v2\/types\/product"}],"wp:featuredmedia":[{"embeddable":true,"href":"https:\/\/www.quilex-lighting.com\/shop\/wp-json\/wp\/v2\/media\/3577"}],"wp:attachment":[{"href":"https:\/\/www.quilex-lighting.com\/shop\/wp-json\/wp\/v2\/media?parent=3299"}],"curies":[{"name":"wp","href":"https:\/\/api.w.org\/{rel}","templated":true}]}}