{"id":3311,"date":"2020-08-29T17:14:26","date_gmt":"2020-08-29T15:14:26","guid":{"rendered":"https:\/\/www.quilex-lighting.com\/shop\/?post_type=product&#038;p=3311"},"modified":"2024-04-29T18:54:59","modified_gmt":"2024-04-29T16:54:59","slug":"spot-encastrable-luna-in-lite","status":"publish","type":"product","link":"https:\/\/www.quilex-lighting.com\/shop\/produit\/spot-encastrable-luna-in-lite\/","title":{"rendered":"Spot Encastrable LUNA in-lite 12V\/3W"},"content":{"rendered":"<h3>Description du produit<\/h3>\n<h5>Encastr\u00e9 de sol avec faisceau oblique<\/h5>\n<p>Le spot encastr\u00e9 de sol LUNA, a un son faisceau lumineux oblique d&rsquo;une port\u00e9e de 3m. Il est le spot de sol parfait pour \u00e9clairer les murs, les haies et les pi\u00e8ces verticales. Le large faisceau lumineux \u00e9claire de mani\u00e8re uniforme et vous surprendra par son efficacit\u00e9. En option vous pourrez rajouter l&rsquo;accessoire SPIKE, piquet de terre. Ce dernier permet l&rsquo;installation du Luna dans un sol souple. Un r\u00e9el gain de temps.<\/p>\n<p><strong>Livr\u00e9e avec ring inox.<\/strong> Autre couleur <a href=\"https:\/\/www.quilex-lighting.com\/fr\/page\/6\/contact\/\" rel=\"noopener noreferrer\" target=\"_blank\">nous contacter<\/a><\/p>\n<p><strong>Remarque: il s&rsquo;agit d&rsquo;un produit 12V, pour connecter et installer ce produit, vous avez besoin un\u00a0<a href=\"https:\/\/www.quilex-lighting.com\/shop\/produit\/transformateur-hub-50-va-12v-in-lite\/\">HUB<\/a> 50 minimum d\u2019in-lite et un c\u00e2ble 12V d\u2019in-lite.<\/strong><\/p>\n<h3>Caract\u00e9ristique du produit<\/h3>\n<p><img loading=\"lazy\" decoding=\"async\" class=\"wp-image-3210 aligncenter\" src=\"https:\/\/www.quilex-lighting.com\/shop\/wp-content\/uploads\/2020\/10\/mod\u00e8le-caract\u00e9ristique-fiche-Luna.jpg\" alt=\"\" width=\"719\" height=\"393\" \/><\/p>\n<p>&nbsp;<\/p>\n<p style=\"text-align: center;\"><a class=\"savoirplus\" href=\"https:\/\/www.quilex-lighting.com\/shop\/wp-content\/uploads\/2020\/10\/Fiche-produit-Luna.pdf\" target=\"_blank\" rel=\"noopener noreferrer\"><strong>T\u00e9l\u00e9charger la fiche compl\u00e8te<\/strong><\/a><\/p>\n","protected":false},"excerpt":{"rendered":"<p>Un encastr\u00e9 de sol avec un faisceau oblique id\u00e9al pour les \u00e9clairages verticaux sans perte de flux<!--more--><\/p>\n","protected":false},"featured_media":3703,"template":"","meta":[],"class_list":{"0":"post-3311","1":"product","2":"type-product","3":"status-publish","4":"has-post-thumbnail","6":"product_cat-encastrables-balises","7":"product_cat-spots-exterieur-jardin","9":"first","10":"instock","11":"taxable","12":"shipping-taxable","13":"purchasable","14":"product-type-simple"},"_links":{"self":[{"href":"https:\/\/www.quilex-lighting.com\/shop\/wp-json\/wp\/v2\/product\/3311","targetHints":{"allow":["GET"]}}],"collection":[{"href":"https:\/\/www.quilex-lighting.com\/shop\/wp-json\/wp\/v2\/product"}],"about":[{"href":"https:\/\/www.quilex-lighting.com\/shop\/wp-json\/wp\/v2\/types\/product"}],"wp:featuredmedia":[{"embeddable":true,"href":"https:\/\/www.quilex-lighting.com\/shop\/wp-json\/wp\/v2\/media\/3703"}],"wp:attachment":[{"href":"https:\/\/www.quilex-lighting.com\/shop\/wp-json\/wp\/v2\/media?parent=3311"}],"curies":[{"name":"wp","href":"https:\/\/api.w.org\/{rel}","templated":true}]}}