{"id":3608,"date":"2020-10-05T14:53:25","date_gmt":"2020-10-05T12:53:25","guid":{"rendered":"https:\/\/www.quilex-lighting.com\/shop\/?post_type=product&#038;p=3608"},"modified":"2024-05-16T17:20:40","modified_gmt":"2024-05-16T15:20:40","slug":"borne-lumineuse-liv-low-12v-1-5w-in-lite-copie","status":"publish","type":"product","link":"https:\/\/www.quilex-lighting.com\/shop\/produit\/borne-lumineuse-liv-low-12v-1-5w-in-lite-copie\/","title":{"rendered":"Borne Lumineuse LIV LOW in-lite 12V\/1.50W"},"content":{"rendered":"<h3>Description du produit<\/h3>\n<h5>Eclairer \u00e0 360\u00b0<\/h5>\n<p>La borne LIV LOW 1,50W in-lite diffuse une lumi\u00e8re d&rsquo;ambiance (T 2750 K) \u00e0 360\u00b0. Un peu plus de 37cm de haut pour cette borne de jardin lui permettant de faire sa place au milieu d&rsquo;un massif ou sur une terrasse. L&rsquo;avantage d&rsquo;un \u00e9clairage circulaire offre la possibilit\u00e9 de jouer avec les ombres sur un mur tout en \u00e9clairant l&rsquo;all\u00e9e.<\/p>\n<h3>Caract\u00e9ristique du produit<\/h3>\n<p><img loading=\"lazy\" decoding=\"async\" class=\"wp-image-3210 aligncenter\" src=\"https:\/\/www.quilex-lighting.com\/shop\/wp-content\/uploads\/2020\/10\/mod\u00e8le-caract\u00e9ristique-fiche-Liv-Low.jpg\" alt=\"\" width=\"719\" height=\"393\" \/><\/p>\n<p>&nbsp;<\/p>\n<p style=\"text-align: center;\"><a class=\"savoirplus\" href=\"https:\/\/www.quilex-lighting.com\/shop\/wp-content\/uploads\/2020\/10\/Fiche-produit-Liv-Low.pdf\" target=\"_blank\" rel=\"noopener noreferrer\"><strong>T\u00e9l\u00e9charger la fiche compl\u00e8te<\/strong><\/a><\/p>\n","protected":false},"excerpt":{"rendered":"<p>L&rsquo;armature verticale ext\u00e9rieure LIV LOW diffuse aux alentours une lumi\u00e8re d\u2019ambiance blanche et chaude. Convient par exemple pour les terrasses ou les plates-bandes.<\/p>\n","protected":false},"featured_media":3613,"template":"","meta":[],"class_list":{"0":"post-3608","1":"product","2":"type-product","3":"status-publish","4":"has-post-thumbnail","6":"product_cat-bornes-eclairage","8":"first","9":"instock","10":"taxable","11":"shipping-taxable","12":"purchasable","13":"product-type-variable"},"_links":{"self":[{"href":"https:\/\/www.quilex-lighting.com\/shop\/wp-json\/wp\/v2\/product\/3608","targetHints":{"allow":["GET"]}}],"collection":[{"href":"https:\/\/www.quilex-lighting.com\/shop\/wp-json\/wp\/v2\/product"}],"about":[{"href":"https:\/\/www.quilex-lighting.com\/shop\/wp-json\/wp\/v2\/types\/product"}],"wp:featuredmedia":[{"embeddable":true,"href":"https:\/\/www.quilex-lighting.com\/shop\/wp-json\/wp\/v2\/media\/3613"}],"wp:attachment":[{"href":"https:\/\/www.quilex-lighting.com\/shop\/wp-json\/wp\/v2\/media?parent=3608"}],"curies":[{"name":"wp","href":"https:\/\/api.w.org\/{rel}","templated":true}]}}