{"id":3824,"date":"2020-10-07T09:05:42","date_gmt":"2020-10-07T07:05:42","guid":{"rendered":"https:\/\/www.quilex-lighting.com\/shop\/?post_type=product&#038;p=3824"},"modified":"2024-04-29T18:53:02","modified_gmt":"2024-04-29T16:53:02","slug":"cable-basse-tension-12v-cbl-25-14-2-in-lite","status":"publish","type":"product","link":"https:\/\/www.quilex-lighting.com\/shop\/produit\/cable-basse-tension-12v-cbl-25-14-2-in-lite\/","title":{"rendered":"C\u00e2ble basse tension CBL-25 14\/2 in-lite"},"content":{"rendered":"<h3>Description du produit<\/h3>\n<h5>La base d&rsquo;une installation In-lite : le c\u00e2ble<\/h5>\n<p>Ce c\u00e2ble basse tension 12V de type 14\/2 et d&rsquo;une longueur de 25m, est la base d&rsquo;une installation In-lite. Ce dernier branch\u00e9 sur un transformateur In-lite HUB 150 ou autres, sera d\u00e9roul\u00e9 dans toute la p\u00e9riph\u00e9rie du jardin afin de pouvoir connecter les luminaires ext\u00e9rieurs led In-lite et ainsi r\u00e9aliser une belle mise en lumi\u00e8re du jardin.<br \/>\nIl est livr\u00e9 enroul\u00e9 sur 25 m\u00e8tres et film\u00e9, accompagn\u00e9 des cosses de c\u00e2ble et isolation d\u2019extr\u00e9mit\u00e9. Charge maximale 250 watts, longueur de c\u00e2ble maximale (pose en ligne) 40 m\u00e8tres.<\/p>\n<h3>Caract\u00e9ristique du produit<\/h3>\n<p>Longueur : 25 m<br \/>\nSection : 14\/2<br \/>\nCharge maximale : 250 watts<\/p>\n<p><img loading=\"lazy\" decoding=\"async\" class=\"wp-image-3210 aligncenter\" src=\"https:\/\/www.quilex-lighting.com\/shop\/wp-content\/uploads\/2020\/10\/montage-type-eclairage-basse-tension-In-lite.jpg\" alt=\"\" width=\"789\" height=\"393\" \/><\/p>\n","protected":false},"excerpt":{"rendered":"<p>25 m de c\u00e2ble 12v basse tension de type 14\/2 de la marque In-lite<\/p>\n","protected":false},"featured_media":3769,"template":"","meta":[],"class_list":{"0":"post-3824","1":"product","2":"type-product","3":"status-publish","4":"has-post-thumbnail","6":"product_cat-transformateurs-accessoires","8":"first","9":"instock","10":"taxable","11":"shipping-taxable","12":"purchasable","13":"product-type-simple"},"_links":{"self":[{"href":"https:\/\/www.quilex-lighting.com\/shop\/wp-json\/wp\/v2\/product\/3824","targetHints":{"allow":["GET"]}}],"collection":[{"href":"https:\/\/www.quilex-lighting.com\/shop\/wp-json\/wp\/v2\/product"}],"about":[{"href":"https:\/\/www.quilex-lighting.com\/shop\/wp-json\/wp\/v2\/types\/product"}],"wp:featuredmedia":[{"embeddable":true,"href":"https:\/\/www.quilex-lighting.com\/shop\/wp-json\/wp\/v2\/media\/3769"}],"wp:attachment":[{"href":"https:\/\/www.quilex-lighting.com\/shop\/wp-json\/wp\/v2\/media?parent=3824"}],"curies":[{"name":"wp","href":"https:\/\/api.w.org\/{rel}","templated":true}]}}