{"id":3839,"date":"2020-10-07T12:28:37","date_gmt":"2020-10-07T10:28:37","guid":{"rendered":"https:\/\/www.quilex-lighting.com\/shop\/?post_type=product&#038;p=3839"},"modified":"2024-04-29T18:53:02","modified_gmt":"2024-04-29T16:53:02","slug":"transformateur-hub-50-va-12v-in-lite","status":"publish","type":"product","link":"https:\/\/www.quilex-lighting.com\/shop\/produit\/transformateur-hub-50-va-12v-in-lite\/","title":{"rendered":"HUB 50 VA 12V in-lite"},"content":{"rendered":"<h3>Description du produit<\/h3>\n<h5>Le point de d\u00e9part d&rsquo;une installation In-lite : le transformateur HUB<\/h5>\n<p>Le HUB-50 est un transformateur de grande qualit\u00e9 de la marque In-lite. Un produit design, sobre et abouti technologiquement qui est command\u00e9 par un \u00e9cran tactile. Sa valeur d&rsquo;installation est de 50 VA. Chaque d\u00e9part pourra correspondre \u00e0 un r\u00e9seau d&rsquo;\u00e9clairage du jardin.<\/p>\n<h3>Fonctions principales<\/h3>\n<p>&#8211; Fonctionnement simple de l&rsquo;\u00e9cran tactile<br \/>\n&#8211; Deux entr\u00e9es de c\u00e2bles<br \/>\n&#8211; Marche \/ arr\u00eat manuel<br \/>\n&#8211; Commutation au moyen du capteur de lumi\u00e8re<br \/>\n&#8211; \u00c9quip\u00e9 d&rsquo;un signal lumineux signalant une surcharge ou un dysfonctionnement.<br \/>\n&#8211; D\u00e9tecteur de mouvement MOVE en option<\/p>\n<h3>Caract\u00e9ristique du produit<\/h3>\n<p>Longueur : 225 mm<br \/>\nLargeur : 125 mm<br \/>\nHauteur : 67 mm<br \/>\nTension : 12 V<br \/>\nValeur d&rsquo;installation : 50 VA<\/p>\n<p><img loading=\"lazy\" decoding=\"async\" class=\"wp-image-3210 aligncenter\" src=\"https:\/\/www.quilex-lighting.com\/shop\/wp-content\/uploads\/2020\/10\/montage-type-eclairage-basse-tension-In-lite.jpg\" alt=\"\" width=\"789\" height=\"393\" \/><\/p>\n<p style=\"text-align: center;\"><a class=\"savoirplus\" href=\"https:\/\/www.quilex-lighting.com\/shop\/wp-content\/uploads\/2020\/10\/HUB50_100_2.pdf\" target=\"_blank\" rel=\"noopener noreferrer\"><strong>T\u00e9l\u00e9charger la fiche compl\u00e8te<\/strong><\/a><\/p>\n","protected":false},"excerpt":{"rendered":"<p>Le transformateur In-lite 50VA<br \/>\ndesign et \u00e9quip\u00e9 d&rsquo;\u00e9cran tactile<\/p>\n","protected":false},"featured_media":3813,"template":"","meta":[],"class_list":{"0":"post-3839","1":"product","2":"type-product","3":"status-publish","4":"has-post-thumbnail","6":"product_cat-transformateurs-accessoires","8":"first","9":"instock","10":"taxable","11":"shipping-taxable","12":"purchasable","13":"product-type-simple"},"_links":{"self":[{"href":"https:\/\/www.quilex-lighting.com\/shop\/wp-json\/wp\/v2\/product\/3839","targetHints":{"allow":["GET"]}}],"collection":[{"href":"https:\/\/www.quilex-lighting.com\/shop\/wp-json\/wp\/v2\/product"}],"about":[{"href":"https:\/\/www.quilex-lighting.com\/shop\/wp-json\/wp\/v2\/types\/product"}],"wp:featuredmedia":[{"embeddable":true,"href":"https:\/\/www.quilex-lighting.com\/shop\/wp-json\/wp\/v2\/media\/3813"}],"wp:attachment":[{"href":"https:\/\/www.quilex-lighting.com\/shop\/wp-json\/wp\/v2\/media?parent=3839"}],"curies":[{"name":"wp","href":"https:\/\/api.w.org\/{rel}","templated":true}]}}