{"id":4198,"date":"2020-11-05T14:57:30","date_gmt":"2020-11-05T13:57:30","guid":{"rendered":"https:\/\/www.quilex-lighting.com\/shop\/?post_type=product&#038;p=4198"},"modified":"2024-04-29T18:45:48","modified_gmt":"2024-04-29T16:45:48","slug":"lampe-solaire-hybride-paillotte-l-maiori","status":"publish","type":"product","link":"https:\/\/www.quilex-lighting.com\/shop\/produit\/lampe-solaire-hybride-paillotte-l-maiori\/","title":{"rendered":"Lampe PAILLOTTE SPHERE L MAIORI"},"content":{"rendered":"<h3>Description du produit<\/h3>\n<h5>Sph\u00e8re solaire finition exotique<\/h5>\n<p>Sph\u00e8re solaire d\u00e9clinable en 3 tailles. Nomade, elle vous suivra \u00e0 l\u2019ext\u00e9rieur comme \u00e0 l\u2019int\u00e9rieur. Gr\u00e2ce \u00e0 son abat-jour tress\u00e9 en rotin, cette lampe solaire d\u00e9corative d\u2019ext\u00e9rieur diffuse un halo de lumi\u00e8re d\u00e9corative et douce pour cr\u00e9er une atmosph\u00e8re chaude. Son cadre en aluminium est soigneusement fini par une peinture cuite au four. Jusqu\u2019\u00e0 9 heures d\u2019\u00e9clairage.<\/p>\n<h3>Fonctions principales<\/h3>\n<p>Bluetooth 4.0 : connectez et contr\u00f4lez jusqu&rsquo;\u00e0 1000 lampes de la marque MAIORI<br \/>\n100% portable &amp; 100% autonome<br \/>\nCharge solaire &amp; USB<br \/>\nLumi\u00e8re LED chaude<\/p>\n<h3>Caract\u00e9ristique du produit<\/h3>\n<p>Dimensions l x H x P : 48,5 cm x 48,5 cm x 48,5 cm<br \/>\nAutonomie : jusqu&rsquo;\u00e0 9 heures<br \/>\nTemps de charge : 6h<br \/>\nMat\u00e9riaux de haute qualit\u00e9 : Alu (corps) et rotin (abat-jour) <\/p>\n<p>&nbsp;<\/p>\n<p style=\"text-align: center;\"><a class=\"savoirplus\" href=\"https:\/\/www.quilex-lighting.com\/shop\/wp-content\/uploads\/2020\/11\/productD60915.pdf\" target=\"_blank\" rel=\"noopener noreferrer\"><strong>T\u00e9l\u00e9charger la fiche compl\u00e8te<\/strong><\/a><\/p>\n","protected":false},"excerpt":{"rendered":"<p>Un photophore solaire dans sa version sph\u00e9rique aux influences exotiques<\/p>\n","protected":false},"featured_media":4283,"template":"","meta":[],"class_list":{"0":"post-4198","1":"product","2":"type-product","3":"status-publish","4":"has-post-thumbnail","6":"product_cat-decoration-brasero-foyers-exterieurs","7":"product_cat-luminaires-solaires-hybrides-connectes","9":"first","10":"onbackorder","11":"taxable","12":"shipping-taxable","13":"purchasable","14":"product-type-simple"},"_links":{"self":[{"href":"https:\/\/www.quilex-lighting.com\/shop\/wp-json\/wp\/v2\/product\/4198","targetHints":{"allow":["GET"]}}],"collection":[{"href":"https:\/\/www.quilex-lighting.com\/shop\/wp-json\/wp\/v2\/product"}],"about":[{"href":"https:\/\/www.quilex-lighting.com\/shop\/wp-json\/wp\/v2\/types\/product"}],"wp:featuredmedia":[{"embeddable":true,"href":"https:\/\/www.quilex-lighting.com\/shop\/wp-json\/wp\/v2\/media\/4283"}],"wp:attachment":[{"href":"https:\/\/www.quilex-lighting.com\/shop\/wp-json\/wp\/v2\/media?parent=4198"}],"curies":[{"name":"wp","href":"https:\/\/api.w.org\/{rel}","templated":true}]}}