{"id":4881,"date":"2021-01-04T17:43:26","date_gmt":"2021-01-04T16:43:26","guid":{"rendered":"https:\/\/www.quilex-lighting.com\/shop\/?post_type=product&#038;p=4881"},"modified":"2024-04-29T18:45:49","modified_gmt":"2024-04-29T16:45:49","slug":"foyer-exterieur-quibaa-3","status":"publish","type":"product","link":"https:\/\/www.quilex-lighting.com\/shop\/produit\/foyer-exterieur-quibaa-3\/","title":{"rendered":"Brasero \u00e0 gaz QUIBAA 3"},"content":{"rendered":"<h3>Description du produit<\/h3>\n<h5>Initiation au brasero \u00e0 gaz<\/h5>\n<p>Un petit prix et une belle qualit\u00e9 d\u00e9clin\u00e9 en plusieurs format. Classifi\u00e9 plut\u00f4t dans les tables \u00e0 gaz . Le br\u00fbleur en inox assure une dur\u00e9e dans le temps. Ce dernier est \u00e9galement disponible s\u00e9par\u00e9ment pour ceux qui aimerait faire du sur mesure soi m\u00eame. La table est en alu de 3mm disponible dans une multitude de coloris. La table est con\u00e7ue de telle mani\u00e8re que vous pourrez dissimuler une petite bouteille cube propane.<br \/>\nCette table de feu l\u00e9g\u00e8re pourra \u00eatre positionn\u00e9e dans votre jardin ou sur votre terrasse sans difficult\u00e9 afin d&rsquo;assurer des soir\u00e9es avec vos proches au coin du feu.<\/p>\n<h3>Caract\u00e9ristique du produit<\/h3>\n<p>Mat\u00e9riaux : Corps en alu, br\u00fbleur en acier inoxydable avec couvercle d&rsquo;insert et vitres<br \/>\nBr\u00fbleur : Gaz propane d&rsquo;une puissance de chauffe de 8,5kw (40cm x 40cm)<br \/>\nAllumage : piezo electrique (pile non fournie)<br \/>\nGarniture : Pierres de lave + b\u00fbches<br \/>\nDimensions L x l x H\u00a0 : 120cm x 80cm x 50cm (QUIBAA 1) ou 100cm x 80cm x 50cm (QUIBAA 2) ou\u00a0 80cm x 80cm x 50cm (QUIBBAA 3)<br \/>\nAccessoires inclus\u00a0 : lave + buches + verre de protection + couvercle inox<\/p>\n","protected":false},"excerpt":{"rendered":"<p>Table brasero gaz ext\u00e9rieur moderne QUIBBAA<br \/>\nAutres coloris sur commande<\/p>\n","protected":false},"featured_media":4871,"template":"","meta":[],"class_list":{"0":"post-4881","1":"product","2":"type-product","3":"status-publish","4":"has-post-thumbnail","6":"product_cat-decoration-brasero-foyers-exterieurs","8":"first","9":"instock","10":"taxable","11":"shipping-taxable","12":"purchasable","13":"product-type-variable"},"_links":{"self":[{"href":"https:\/\/www.quilex-lighting.com\/shop\/wp-json\/wp\/v2\/product\/4881","targetHints":{"allow":["GET"]}}],"collection":[{"href":"https:\/\/www.quilex-lighting.com\/shop\/wp-json\/wp\/v2\/product"}],"about":[{"href":"https:\/\/www.quilex-lighting.com\/shop\/wp-json\/wp\/v2\/types\/product"}],"wp:featuredmedia":[{"embeddable":true,"href":"https:\/\/www.quilex-lighting.com\/shop\/wp-json\/wp\/v2\/media\/4871"}],"wp:attachment":[{"href":"https:\/\/www.quilex-lighting.com\/shop\/wp-json\/wp\/v2\/media?parent=4881"}],"curies":[{"name":"wp","href":"https:\/\/api.w.org\/{rel}","templated":true}]}}