{"id":5485,"date":"2021-02-10T17:53:38","date_gmt":"2021-02-10T16:53:38","guid":{"rendered":"https:\/\/www.quilex-lighting.com\/shop\/?post_type=product&#038;p=5485"},"modified":"2024-04-29T18:44:42","modified_gmt":"2024-04-29T16:44:42","slug":"lanterne-a-gaz-cosiscoop-pillar","status":"publish","type":"product","link":"https:\/\/www.quilex-lighting.com\/shop\/produit\/lanterne-a-gaz-cosiscoop-pillar\/","title":{"rendered":"Lanterne \u00e0 gaz COSISCOOP PILLAR"},"content":{"rendered":"<h3>Description du produit<\/h3>\n<h5>Une lanterne \u00e0 gaz cylindrique en teck<\/h5>\n<p>Issue d&rsquo;une collection de lanterne Cosiscoop, la Cosiscoop Pillar comme son l&rsquo;indique en forme de pilier cylindrique est aliment\u00e9 par une bouteille de 5kg et 10kg en gaz propane (non fournie). Cette lanterne \u00e0 la flamme d\u00e9corative est d\u00e9clin\u00e9e en 2 versions afin de l&rsquo;harmoniser au mieux avec vos ext\u00e9rieurs.  Une version en teck et une version en aluminium noir.<\/p>\n<h3>Caract\u00e9ristique du produit<\/h3>\n<p>Mat\u00e9riaux : Aluminium, teck et verre<br \/>\nBr\u00fbleur : Gaz propane 0.85 KW<br \/>\nConsommation : max. 73 grammes par heure<br \/>\nAllumage : Briquet long (non fourni)<br \/>\nInclus: verre et galets et d\u00e9tendeur 30mBar<br \/>\nDimensions \u00f8 x H\u00a0 : 35cm x 106cm<\/p>\n<p>&nbsp;<\/p>\n<p style=\"text-align: center;\">\n<p style=\"text-align: center;\"><a class=\"savoirplus\" href=\"https:\/\/www.quilex-lighting.com\/shop\/wp-content\/uploads\/2021\/02\/Cosi-Look-Book-Foyers-ext%C3%A9rieurs-gaz.pdf\" target=\"_blank\" rel=\"noopener noreferrer\"><strong>T\u00e9l\u00e9charger la brochure compl\u00e8te<\/strong><\/a><\/p>\n","protected":false},"excerpt":{"rendered":"<p>La ligne de lanterne gaz d\u00e9co Cosyscoop va vous plaire, vous pourrez cr\u00e9er une atmosph\u00e8re chaleureuse !<\/p>\n","protected":false},"featured_media":5010,"template":"","meta":[],"class_list":{"0":"post-5485","1":"product","2":"type-product","3":"status-publish","4":"has-post-thumbnail","6":"product_cat-decoration-brasero-foyers-exterieurs","8":"first","9":"outofstock","10":"taxable","11":"shipping-taxable","12":"purchasable","13":"product-type-variable"},"_links":{"self":[{"href":"https:\/\/www.quilex-lighting.com\/shop\/wp-json\/wp\/v2\/product\/5485","targetHints":{"allow":["GET"]}}],"collection":[{"href":"https:\/\/www.quilex-lighting.com\/shop\/wp-json\/wp\/v2\/product"}],"about":[{"href":"https:\/\/www.quilex-lighting.com\/shop\/wp-json\/wp\/v2\/types\/product"}],"wp:featuredmedia":[{"embeddable":true,"href":"https:\/\/www.quilex-lighting.com\/shop\/wp-json\/wp\/v2\/media\/5010"}],"wp:attachment":[{"href":"https:\/\/www.quilex-lighting.com\/shop\/wp-json\/wp\/v2\/media?parent=5485"}],"curies":[{"name":"wp","href":"https:\/\/api.w.org\/{rel}","templated":true}]}}