{"id":5661,"date":"2021-10-13T09:00:03","date_gmt":"2021-10-13T07:00:03","guid":{"rendered":"https:\/\/www.quilex-lighting.com\/shop\/?post_type=product&#038;p=5661"},"modified":"2024-04-29T18:41:59","modified_gmt":"2024-04-29T16:41:59","slug":"lampe-mobile-solaire-ring-lyx-3w","status":"publish","type":"product","link":"https:\/\/www.quilex-lighting.com\/shop\/produit\/lampe-mobile-solaire-ring-lyx-3w\/","title":{"rendered":"Lampe Mobile Solaire RING Lyx 3W"},"content":{"rendered":"<h3>Description du produit<\/h3>\n<h5>Une bague lumineuse<\/h5>\n<p>La lanterne autonome L&rsquo;X est une lampe autonome aux lignes design et \u00e9pur\u00e9es. La L&rsquo;X est une \u00e0 poser compos\u00e9e d&rsquo;une large r\u00e9sille d&rsquo;acier inscrite dans un cube de 30 cm de c\u00f4t\u00e9. Un coup de c\u0153ur pour nous, la lampe l&rsquo;X projette ses ombres et desine les ombres entrem\u00eal\u00e9s de mani\u00e8re infinie. Disponible en 2 finitions :\u00a0 couleur gris anthracite (RAL 7021) ou aspect rouille Corten.<\/p>\n<h3>Caract\u00e9ristique du produit<\/h3>\n<p>Eclairage nomade \u00e0 poser<br \/>\n100% portable : 100% autonome<br \/>\nLampe rechargeable sur secteur<br \/>\nLumi\u00e8re LED chaude 2700\u00b0 K.<br \/>\n300 LUMENS<br \/>\n3 puissances : 1W \/ 3W \/ 5W<br \/>\n\u00e9tanche IP 54<br \/>\nDimensions l x L x H : 50cm x 25cm x 12,5cm<br \/>\nAutonomie : de 5H \u00e0 25H<\/p>\n<p>&nbsp;<\/p>\n<p style=\"text-align: center;\"><a class=\"savoirplus\" href=\"https:\/\/www.quilex-lighting.com\/shop\/wp-content\/uploads\/2021\/11\/Fiche-produit-RING.pdf\" target=\"_blank\" rel=\"noopener noreferrer\"><strong>T\u00e9l\u00e9charger la fiche compl\u00e8te<\/strong><\/a><\/p>\n","protected":false},"excerpt":{"rendered":"<p>Bornes solaires ou lampe solaire \u00e0 poser, \u00e0 vous de choisir <!--more--><\/p>\n","protected":false},"featured_media":5746,"template":"","meta":[],"class_list":{"0":"post-5661","1":"product","2":"type-product","3":"status-publish","4":"has-post-thumbnail","6":"product_cat-decoration-brasero-foyers-exterieurs","7":"product_cat-luminaires-solaires-hybrides-connectes","9":"first","10":"instock","11":"taxable","12":"shipping-taxable","13":"purchasable","14":"product-type-variable"},"_links":{"self":[{"href":"https:\/\/www.quilex-lighting.com\/shop\/wp-json\/wp\/v2\/product\/5661","targetHints":{"allow":["GET"]}}],"collection":[{"href":"https:\/\/www.quilex-lighting.com\/shop\/wp-json\/wp\/v2\/product"}],"about":[{"href":"https:\/\/www.quilex-lighting.com\/shop\/wp-json\/wp\/v2\/types\/product"}],"wp:featuredmedia":[{"embeddable":true,"href":"https:\/\/www.quilex-lighting.com\/shop\/wp-json\/wp\/v2\/media\/5746"}],"wp:attachment":[{"href":"https:\/\/www.quilex-lighting.com\/shop\/wp-json\/wp\/v2\/media?parent=5661"}],"curies":[{"name":"wp","href":"https:\/\/api.w.org\/{rel}","templated":true}]}}